 -28. Suppose -4*k + i - 4*i = -p, 0 = -i + 2. Give z(k).
2
Suppose 120 = -194*k + 200*k. Let h(b) = -b - 8. Determine h(k).
-28
Let r be (17/(-3))/(-1) - (-14)/(-21). Suppose -r*m - 419 = 61. Let f = 102 + m. Let h(p) = p - 3. Determine h(f).
3
Suppose -22 = -677*g + 678*g - 2*r, -g = -3*r + 27. Let f(n) = -n - 20. Calculate f(g).
-8
Suppose 0 = -p + 2*u + 13212, p - 5*u - 3946 - 9260 = 0. Let j(h) = h**3 + 13215 - 2*h + 3*h - p. Determine j(-2).
-11
Suppose 3*r - 13*r + 230 = 0. Let u(d) = -12*d + 0*d - 7*d - 13*d - r. Let j(q) = -11*q - 8. Let t(x) = -17*j(x) + 6*u(x). Determine t(-2).
8
Let d(z) = 23*z - 14*z - 8*z + 8. Suppose -4*o + 3*u - 3 + 2 = 0, 5*o = 3*u + 1. Suppose o*s + 1 = s, 0 = -w + 4*s. Calculate d(w).
4
Let u(y) = 32*y + 59. Let a(g) = 9*g + 18. Let f(s) = -7*a(s) + 2*u(s). Determine f(11).
3
Let v(t) = t**3 - 10*t**2 - 28*t - 229. Let n(m) = -2*m**3 + 8*m**2 + 27*m + 228. Let c(j) = 2*n(j) + 3*v(j). What is c(-13)?
-10
Let i(b) = -21*b + 16. Let t(d) = -127*d + 99. Let h(k) = 19*i(k) - 3*t(k). Calculate h(-2).
43
Let m(f) = -4019*f**2 - 7 + 1339*f**2 + 1334*f**2 - 4 - 49*f + 1338*f**2. Determine m(-6).
-5
Let q(j) = -2*j - 11. Let z(l) = l + 7. Suppose 9*r - 10*r - 5 = 0. Let p be z(r). Suppose -2*v + 38 = -2*m + p*v, 2*m = 5*v - 43. What is q(m)?
7
Let k(j) = -6*j**2 - j + 1. Suppose -145*x - 52 = -141*x. Let u(d) = d**3 + 15*d**2 + 24*d - 25. Let l be u(x). Calculate k(l).
-6
Let l(x) = -x**2 - 9*x + 19. Let k be ((28/98)/(35/(-98)))/(4/50). Give l(k).
9
Let k(z) = z + z - 3 + 11 - z - 7. Suppose -105*r + 93*r = -156. Give k(r).
14
Suppose 4*j = 3*l - 2, -1 = -l + 1. Let u = -15 + 16. Let s(o) = -18*o**2 + 4*o + 3*o**2 + 0 + u - 6*o. Calculate s(j).
-16
Let f be ((-6)/(-4))/(33/220). Let z(o) be the third derivative of o**5/60 - 3*o**4/8 - o**3 - 26*o**2 + 3*o. Give z(f).
4
Let m be 75/60*-4 - (-31 - -4). Let i(o) = -2*o**3 + 44*o**2 + 4*o - 85. Give i(m).
3
Let t(o) = 4*o + 3. Let r = 14 - 1. Suppose 4*l - 5 = -2*i - 1, 4*i = -l - r. Let c be 0 - l - -3 - 3. Give t(c).
-9
Let y(f) be the third derivative of f**7/360 - f**6/720 - f**5/120 - 21*f**4/8 - 57*f**2. Let n(r) be the second derivative of y(r). What is n(-2)?
29
Suppose 0 = -5*c + 11*i - 7*i + 11, -11 = -c + 3*i. Let f(w) = -6*w**3 - 5*w**2 - 3*w + 1. Calculate f(c).
5
Let o(v) = -245*v + 1186 - 1197 + 243*v. What is o(25)?
-61
Let w(k) be the third derivative of k**6/120 - k**5/30 - k**4/8 - k**3/6 + 16*k**2. Suppose -67*d + 53*d - 28 = 0. Calculate w(d).
-11
Let u(g) be the second derivative of g**5/20 - 7*g**4/12 - 4*g**3/3 + 7*g**2/2 + 88*g - 5. Suppose 0 = 4*i - 34 + 2. Determine u(i).
7
Suppose 1341 - 2689 = 10*s - 1338. Let y(p) = 56*p**2 - p. What is y(s)?
57
Let p(u) = -u**3 - 9*u**2 + 11*u + 6. Let t(c) = -6*c + 15. Let z(r) = -9*r - 21. Let s be z(-4). Let j be t(s). Let o be (4/(-5))/((-6)/j). Determine p(o).
-4
Suppose 14*g - 3 = 13*g. Suppose 0 = t - 2*n + 4, -g*n - 1 = -5*t - 0*n. Let i(k) = 0*k - t - 2*k**2 + 2*k + 2*k + k**2. Determine i(3).
1
Let z(r) = 3*r**2 + r - 2. Let g(j) = j**2 - 1. Let n(l) = 8*g(l) - 3*z(l). Let w = 159243 + -159245. Calculate n(w).
0
Let h be ((-480)/144)/((24/18)/(-2)). Let m(a) = 23*a - 77. Give m(h).
38
Let w(u) = -13*u**3 - 68*u**2 + 51*u - 110. Let c(x) = 9*x**3 + 46*x**2 - 34*x + 74. Let v(h) = 7*c(h) + 5*w(h). Give v(-10).
-2
Let s be 10*1*72/240. Let j(o) = 5*o**2 - 28*o + 44. Let n(c) = -2*c**2 + 9*c - 14. Let w(l) = s*j(l) + 8*n(l). Give w(-14).
-8
Let z(g) be the first derivative of g**2/2 - 7*g - 442. What is z(17)?
10
Let q be -5 + (1 - -2) - 3. Let o(k) = k**3 + 4*k**2 - 8*k - 1. Let w(j) = -j. Let r(f) = o(f) - w(f). What is r(q)?
9
Let j(i) = i**3 + 8*i**2 - i - 13. Let u be ((-3)/(-12) - (-1)/4)/(15/(-150)). Give j(u).
67
Let s(v) = 6*v - 3. Let p be (-3)/42 + (-8)/(-336)*171. What is s(p)?
21
Let t(g) = 63*g - 124. Let d(x) = -75*x + 126. Let h(l) = 4*d(l) + 5*t(l). What is h(8)?
4
Let x = -5029 + 5015. Let j(h) = -h**2 - 18*h + 7. Determine j(x).
63
Let l(d) be the first derivative of -d**3/3 + 3*d**2 + 3*d + 1245. Calculate l(10).
-37
Let y(l) = -11*l**2 - 4. Let h(n) = -83*n**2 - 2*n - 37. Let m(j) = -h(j) + 8*y(j). What is m(-2)?
-19
Suppose 0 = 11*n - 59 + 70. Let k(x) = 0 + 6*x**2 + 2*x + 11*x**2 + 0*x**2 + 1. Calculate k(n).
16
Let c = 159 - 159. Let l be c + (3 - -1 - 5). Let z(p) = -14*p**2 - 2*p - 1. What is z(l)?
-13
Let n be (6 + -13 - -7)/(-1) - 7. Let f(i) = 2*i**3 + 13*i**2 - 6*i + 22. Give f(n).
15
Let t(y) = -13*y**3 - 36*y**2 - 67*y + 4. Let z(g) = -3*g**3 - 9*g**2 - 16*g + 1. Let j(f) = 2*t(f) - 9*z(f). Give j(-8).
-17
Let t(a) be the third derivative of -a**6/120 - a**5/5 + 5*a**4/8 + 14*a**3/3 + 8*a**2 - 2*a - 33. Give t(-13).
2
Let w(a) = a**3 - 7*a**2 + 8*a. Suppose -3*j + 24 = p - 0*j, 0 = 3*p + j - 40. Let f(h) = h**2 - 14*h - 18. Let v be f(p). Let n = v + 48. Give w(n).
12
Suppose 3*i - 4*i + 2*u = -1021, 2*u + 4066 = 4*i. Let c(n) = -i*n - n**2 + 1020*n + 3 - 7. Determine c(8).
-28
Let j(h) = -h**2 + 6*h + 6. Let t be -1*(-5 + -5 + 5). Suppose -r - 34 = -5*r - t*d, -3*d = 3*r - 24. Give j(r).
6
Let y be (0 - (-1)/(-2))*-8. Let i(p) be the third derivative of -p**4/6 + p**3/3 - 8*p**2 - 9. Let k(s) = 2*s - 1. Let a(w) = -i(w) - 3*k(w). Determine a(y).
-7
Let n(i) = -3*i**2 + 4*i**3 - 6 - 3*i**3 - 3*i - 6*i + 3*i. Suppose -107 = 3*l - 71. Let a(k) = -k**2 - 7*k + 65. Let d be a(l). Determine n(d).
14
Let y = -1 - -1. Let w(j) be the first derivative of -j**3/3 - j**2/2 + 38329. Calculate w(y).
0
Suppose k - 22 = 5*n - 84, -2*n + 5*k + 34 = 0. Let j = n + -10. Let p(l) = l - 2*l**2 + 0*l**2 + 4*l**j - 3*l**2. What is p(-4)?
-20
Let q(m) = -16*m + 128. Let a = 3801 + -3793. Determine q(a).
0
Let z(l) = -2*l**2 + 11*l - 12. Let j be (-70)/25*2/(-3)*(-105)/(-28). Determine z(j).
-33
Let t(g) = -g**3 - 3*g**2 + 5*g + 1. Let f(x) = 10*x**2 - 138*x - 152. Let n(r) = 3*r**2 - 46*r - 50. Let v(h) = 5*f(h) - 16*n(h). Let w be v(-22). Give t(w).
-3
Let d = 482 + -490. Let c(x) = x**2 + 4*x. Calculate c(d).
32
Let i(w) = 8*w - 3. Let g = 55 - 35. Let t be 5/(g/24) + 4. Suppose t*m - 12 = 4*m. What is i(m)?
13
Let k = 7 - 8. Let j(c) be the second derivative of -c**3/6 - c**2 - 31*c + 4. Determine j(k).
-1
Let l(r) = r**2 - 15*r + 37. Let p be l(12). Let q(j) = -10*j**3 - j**2 - 2*j + 3. Give q(p).
-10
Suppose -8*g - 31 = -2*x - 3*g, 4*g + 20 = 0. Let t(c) = -x*c + 5*c**2 - 3*c**3 + 2*c**3 + 3 + 12*c - 2*c. Let b be -3*2/4 + (-195)/(-26). Determine t(b).
9
Let q be 90/(1 + (-8)/12). Let c = 275 - q. Let z(k) = -k**2 + 5*k + 2. Determine z(c).
2
Let r(y) = 38 - 35 - 6*y**2 + 7*y**2 - 8*y. Calculate r(4).
-13
Let n(k) be the first derivative of -5*k**4/12 - 2*k**2 + 2*k - 62. Let b(a) be the second derivative of n(a). Calculate b(-2).
20
Let j be ((-1)/2)/(1/2) - -1. Let m(k) = -13*k + 22*k - 8*k + 6 + 4. Determine m(j).
10
Let n(s) = 0 - 2 + 6*s - 5 + 3*s**2 + 4. Let v(x) = -3 + 136*x - 3 + 4*x**2 + 2 - 129*x. Let r(t) = 3*n(t) - 2*v(t). What is r(-3)?
-4
Let a = 172 - 172. Suppose a = 160*p - 164*p - 8. Let u(m) = -m**3 + 3*m**2 + m + 1. What is u(p)?
19
Suppose 29*i - 151 = -238. Let b(c) = -7*c**2 - c + 19. What is b(i)?
-41
Let i(x) = 2*x - 4. Let b be i(5). Let z(f) = -f + f**2 + b + 9*f + 3. Suppose 0 = -5*a + 3*v - 30, 24 = -4*a - 6*v + 3*v. Determine z(a).
-3
Let l be ((-10)/(-4))/((-4379)/290 - -15). Suppose -12 = 4*g - 72. Let y = l + g. Let k(j) = 2*j + 15. Calculate k(y).
-5
Let t be -2 - ((-15)/(-4))/((-12)/64). Suppose 3*a - 35 = -4*u, 7 = a + 4*u - t. Let n(o) = 5 + 5*o**3 - a*o**2 - 3*o**2 - 4*o**3 - 4 + 7*o. What is n(7)?
1
Let t(f) be the third derivative of -f**5/6 - f**4/12 + f**3/6 + 258*f**2. Suppose -5*c = p + 7, -2*p + 1 = 5. Calculate t(c).
-7
Suppose -3*s + 2*s = 6. Let d(m) = -1114 + 1201 + 971 - 1088 - 5*m. Give d(s).
0
Suppose -5*o = 4*p - 583, -3*p + 7*o - 5*o = -420. Let w(v) = v**2 - 143*v**3 - 10*v - 14*v**2 + p*v**3 + 15. What is w(-12)?
-9
Suppose -2*u - u + 15 = 0. Let h = -26964 + 26967. Let y(j) = 6*j + h - 3 + 3 + u*j**2 - j**3. What is y(6)?
3
Let k(l) = -l**3 + 4*l**2 + l + 3. Let a be (2/(-5))/((0 + 1)/(-5)). Suppose -18 = -3*n - a*p, 5*n + 1 = 3*n + 3*p. Give k(n).
7
Let c(m) be the second derivative of -m**5/20 + m**4/2 - 7*m**3/6 + 8*m**2 +